43)?
353
Let b(j) = -837*j**2 - 5875*j - 125. Give b(-7).
-13
Let z(j) = 2296*j**2 + 231890*j - 605. Give z(-101).
1
Let k(s) = -230*s + 34894. What is k(150)?
394
Let l(o) = 5*o**3 - 384*o**2 + 4*o - 159. Give l(0).
-159
Let v(s) = -10*s**2 - 3695*s - 1847. What is v(-369)?
-2
Let r(i) = 1064*i**2 - 35112*i - 8. Give r(33).
-8
Let l(k) = k**3 - 10*k**2 + 72*k - 42. Determine l(13).
1401
Let q(t) = -3110*t + 125381. Determine q(40).
981
Let m(n) = 165988*n - 804. Calculate m(0).
-804
Let o(w) = 35*w**2 - 82*w - 46. What is o(3)?
23
Let g(z) = 3*z**2 - 151*z - 73143. Give g(-133).
7
Let f(n) = 1123*n**2 + 1143*n + 17. Calculate f(-1).
-3
Let z(y) = y**3 - 111*y**2 - 284*y + 6564. Determine z(113).
10
Let w(i) = -56*i**2 - 738*i - 112. Calculate w(0).
-112
Let l(b) = -21*b**2 + 309*b + 956. Give l(13).
1424
Let h(a) = -2*a**3 + 700*a**2 + 10196*a - 993. Calculate h(364).
463
Let s(k) = k**3 - 993*k**2 + 1085*k - 92241. Give s(992).
15
Let o(r) = -136209*r + 1225881. Calculate o(9).
0
Let i(l) = l**3 - 40*l**2 + 231*l - 276. What is i(5)?
4
Let z(u) = u**3 - 7*u**2 - 656*u + 526. Determine z(29).
4
Let x(j) = 4*j**3 + 130*j**2 + 54*j - 335. Determine x(-32).
-15
Let l(z) = 3*z**2 + 310*z + 7350. What is l(-76)?
1118
Let g(b) = -123*b + 15. Give g(-4).
507
Let o(w) = -279*w + 44857. Calculate o(150).
3007
Let p(s) = 23*s**2 - 799*s + 1325. Calculate p(33).
5
Let v(o) = -o**3 - 7*o**2 - 302*o - 1782. What is v(-6)?
-6
Let r(z) = 16*z**2 + 1585*z - 140. Give r(-99).
-239
Let w(r) = r + 589. Give w(6).
595
Let o(j) = 930*j + 17026. Give o(-18).
286
Let v(s) = -1129*s - 4741. Determine v(-4).
-225
Let x(b) = 837*b - 5028. What is x(6)?
-6
Let r(a) = 1850*a + 51795. Determine r(-28).
-5
Let n(y) = y**2 - 413*y + 24369. Give n(72).
-183
Let q(p) = -p**3 - 3*p**2 - 127*p - 1285. Give q(-10).
685
Let f(n) = -14692*n + 58758. What is f(4)?
-10
Let d(h) = 16*h**3 - 1976*h**2 + 2928*h + 85. Give d(122).
85
Let y(t) = 39*t**2 - 2525*t - 153. What is y(66)?
3081
Let a(p) = -3609*p + 36232. Give a(10).
142
Let b(c) = -c**3 - 320*c**2 - 2530*c - 10603. Give b(-312).
5
Let h(c) = 1495*c - 1965. What is h(1)?
-470
Let g(i) = 2*i**3 + 69*i**2 - 461*i - 18. Determine g(6).
132
Let w(h) = 107*h - 2836. Give w(28).
160
Let i(c) = -40750*c - 81313. Determine i(-2).
187
Let d(s) = 2391*s + 169737. Give d(-71).
-24
Let o(x) = 90697*x + 321. Determine o(0).
321
Let x(z) = 2153*z + 146395. Calculate x(-68).
-9
Let d(n) = 373*n - 2324. Give d(12).
2152
Let i(z) = z**2 + 100*z - 10210. Give i(-162).
-166
Let b(y) = 2*y**3 + 10*y**2 + 1503*y - 13534. Determine b(9).
2261
Let z(j) = -11*j**3 - 375*j**2 - 38*j - 171. Calculate z(-34).
-35
Let v(t) = -32*t**3 + t**2 + 432*t - 1281. What is v(3)?
-840
Let m(f) = 442*f**2 - 136107*f - 8928. Give m(308).
4
Let n(y) = -698640*y + 2794564. Give n(4).
4
Let g(y) = 5*y**2 - 107*y - 2618. Determine g(36).
10
Let k(b) = 10*b**3 + 4*b**2 - 55*b - 188. Give k(-3).
-257
Let y(f) = 652*f**2 + 9141*f - 261. Give y(-14).
-443
Let u(o) = -1391*o - 194639. Determine u(-140).
101
Let t(w) = 231*w**2 - 1394*w. What is t(6)?
-48
Let b(r) = 3148*r - 827921. Give b(263).
3
Let x(d) = -d**2 - 851*d - 131071. What is x(-202)?
27
Let v(z) = -7189*z - 5880620. What is v(-818)?
-18
Let o(g) = 3*g**2 + 157*g + 1748. Give o(-28).
-296
Let x(j) = -j**3 - 17*j**2 + 304*j + 559. What is x(-27)?
-359
Let k(x) = x**2 + 32524*x + 260129. Determine k(-8).
1
Let o(f) = 4850*f - 67920. Determine o(14).
-20
Let n(p) = -135*p**2 + 4259*p - 4261. Determine n(1).
-137
Let u(o) = -25*o**2 - 411*o + 9101. What is u(-29)?
-5
Let q(v) = -79*v**2 + 38394*v + 332. What is q(486)?
332
Let r(c) = -3*c**3 - 3*c**2 + 64*c - 77. Give r(4).
-61
Let a(j) = -1349*j - 6975. Determine a(-5).
-230
Let t(o) = o**3 + 16377*o**2 + 8*o + 4. Calculate t(0).
4
Let r(w) = -3*w**3 - 17*w**2 + 107*w + 164. What is r(5)?
-101
Let s(o) = -164*o**2 + 443*o + 6. What is s(1)?
285
Let g(y) = y**3 - 15*y**2 - 415*y - 742. What is g(-2)?
20
Let w(l) = l**3 + 27*l**2 + 108*l - 86. Calculate w(-19).
750
Let o(w) = 33410*w + 634787. Calculate o(-19).
-3
Let y(g) = -8369*g**2 - 92082*g - 12. Determine y(-11).
241
Let d(l) = 62*l**2 + 1823*l + 12237. Give d(-19).
-18
Let c(m) = -13022*m + 104175. Calculate c(8).
-1
Let v(c) = -2*c**3 + 313*c**2 + 163*c - 898. Give v(157).
44
Let m(l) = -9*l**3 - 1431*l**2 - 3. Determine m(0).
-3
Let h(k) = 3394*k + 40714. Determine h(-12).
-14
Let g(b) = -43398*b - 260432. What is g(-6)?
-44
Let g(h) = 16*h**2 + 103*h - 410. Determine g(-17).
2463
Let w(v) = -v**3 + 28*v**2 + 157*v + 263. Give w(33).
-1
Let p(t) = -t**2 + 223*t + 4868. Give p(-20).
8
Let k(c) = 2*c**2 - 1259*c - 82. What is k(0)?
-82
Let f(g) = -g**3 + 3*g**2 + 861*g + 8186. Give f(-12).
14
Let j(p) = -p**3 - 434*p**2 + 20008*p - 674. Give j(42).
-2
Let h(b) = -b**2 + 245*b + 51802. Determine h(-136).
-14
Let c(x) = x**3 + 53*x**2 - 324*x - 2073. Calculate c(-4).
7
Let m(c) = -158*c**3 + 1898*c**2 + 19*c - 27. Determine m(12).
489
Let y(u) = 53148*u - 52846. Give y(1).
302
Let q(p) = -10*p**2 - 158*p - 802. Calculate q(-5).
-262
Let v(x) = -2*x**3 + 114*x**2 - 9192*x + 508581. Determine v(56).
101
Let b(m) = 94*m + 302. What is b(6)?
866
Let m(h) = -16749*h + 83882. What is m(5)?
137
Let x(q) = -348*q - 11744. Calculate x(-33).
-260
Let x(w) = 1199*w + 37173. Calculate x(-31).
4
Let o(w) = w**3 + 130*w**2 + 633*w + 701. Calculate o(-125).
-299
Let y(a) = 25*a**2 + 2872*a - 232. What is y(-115)?
113
Let a(w) = 83*w**2 - 326*w + 9. Give a(4).
33
Let m(y) = -74*y**2 + 293*y - 290. Give m(1).
-71
Let n(o) = -o**3 - 192*o**2 + 6358*o + 43555. Calculate n(-220).
-5
Let v(l) = 282126*l + 564286. Give v(-2).
34
Let c(b) = -b**3 - 3*b**2 + 14*b + 57. What is c(4)?
1
Let n(z) = -z**2 - 1613*z + 876020. What is n(429)?
2
Let r(p) = -2*p**3 + 858*p**2 + 588*p + 116960. Give r(430).
0
Let y(h) = -h**3 - 519*h**2 + 339068*h - 763. Determine y(378).
-7
Let i(n) = 47125*n - 235606. Give i(5).
19
Let b(m) = -m**3 + 142*m**2 - 4601*m + 8387. Calculate b(94).
21
Let d(x) = x**3 + 2166*x**2 - 379646*x - 44262. Calculate d(-2329).
-11
Let u(f) = 546*f**2 + 8310*f + 1770. Calculate u(-15).
-30
Let z(b) = 1495*b - 2144. Calculate z(2).
846
Let k(y) = -5*y**2 - 230354*y - 230354. Give k(-1).
-5
Let u(i) = -6*i**3 - 8*i**2 - 894*i + 5350. Calculate u(6).
-1598
Let m(j) = -778*j - 140838. Calculate m(-181).
-20
Let x(s) = s**3 - 249*s**2 + 2664*s - 10944. Give x(238).
4
Let a(m) = -7*m**3 + 384*m**2 - 2068*m + 94166. What is a(54)?
-10
Let g(j) = -4062*j - 584928. Calculate g(-144).
0
Let d(j) = 7*j**3 - 77*j**2 + 171*j - 32. What is d(6)?
-266
Let w(n) = n**2 - 380*n - 3434. Give w(-9).
67
Let w(r) = 33317*r + 16192043. Give w(-486).
-19
Let f(k) = -k**2 + 2850*k - 80711. Determine f(28).
-1695
Let y(t) = 3*t**2 - 19*t - 1378. Calculate y(-20).
202
Let b(q) = -487976*q - 26838679. Determine b(-55).
1
Let v(q) = -5214*q - 422334. Calculate v(-81).
0
Let m(f) = -306*f**3 + 579*f**2 - 6*f + 7. Calculate m(2).
-137
Let p(i) = -1323*i + 128319. Calculate p(97).
-12
Let l(s) = -s**3 + 17*s**2 + 884*s + 1271. Determine l(-21).
-535
Let q(s) = -27*s**2 + 63172*s - 126318. Give q(2).
-82
Let z(n) = 2651*n + 103659. Give z(-39).
270
Let m(y) = -4*y**2 + 1839*y + 2092198. Calculate m(-529).
3
Let g(v) = -6*v**2 - 83*v + 1249. Give g(-23).
-16
Let t(q) = -q**2 + 66*q - 89. Calculate t(3).
100
Let v(x) = 777*x + 5017. What is v(-6)?
355
Let x(s) = -s**2 + 179*s + 3879. Determine x(-18).
333
Let n(t) = -1255*t + 7583. Give n(6).
53
Let s(z) = -4*z**3 + 470*z**2 + 195*z + 4855. Give s(118).
17
Let c(s) = 36*s**3 + 326*s**2 + 481*s - 72. Determine c(-2).
-18
Let a(i) = -5*i**2 + 939*i + 7864. What is a(-8)?
32
Let j(g) = -224*g + 10613. Determine j(47).
85
Let d(b) = -1337*b - 69503. What is d(-52)?
21
Let b(l) = 3*l**3 - 137*l**2 - 540*l + 18. What is b(-4)?
-206
Let g(u) = -968*u**2 - 289434*u - 592. Determine g(-299).
6
Let f(w) = 66*w + 469. Determine f(-9).
-125
Let r(v) = 1404*v + 17288. Calculate r(-12).
440
Let d(h) = h**3 - 141*h**2 - 4459*h - 13037. Calculate d(168).
-101
Let f(k) = -k**3 - 10*k**2 + k - 357. Calculate f(0).
-357
Let a(f) = 345*f + 38999. Determine a(-113).
14
Let a(u) = 12*u**2 - 670*u - 3108. Determine a(60).
-108